{"id":887,"date":"2025-12-15T16:03:46","date_gmt":"2025-12-15T16:03:46","guid":{"rendered":"https:\/\/navisence.ch\/?page_id=887"},"modified":"2026-03-20T16:39:52","modified_gmt":"2026-03-20T16:39:52","slug":"2024-2","status":"publish","type":"page","link":"https:\/\/navisence.ch\/index.php\/2024-2\/","title":{"rendered":"2024"},"content":{"rendered":"\n<p>Le tableau ci-dessous liste les crues qui se sont produites en 2024 dont le d\u00e9bit a d\u00e9pass\u00e9 20 m<sup>3<\/sup>\/s. Pour chaque crue, le d\u00e9bit maximum et la dur\u00e9e pendant laquelle le d\u00e9bit a d\u00e9pass\u00e9 20 m<sup>3<\/sup>\/s sont mentionn\u00e9s. La derni\u00e8re colonne pr\u00e9sente les changements g\u00e9omorphologiques observ\u00e9s entre certaines dates sous la forme \u00ab\u00a0mois.jour vs mois.jour\u00a0\u00bb.<\/p>\n\n\n\n<figure class=\"wp-block-table is-style-stripes\"><table><tbody><tr><td><strong>N<\/strong><\/td><td class=\"has-text-align-left\" data-align=\"left\"><strong>Date<\/strong><\/td><td class=\"has-text-align-right\" data-align=\"right\"><strong><strong>Q<sub>max<\/sub> (m<sup>3<\/sup>\/s)<\/strong><\/strong><\/td><td class=\"has-text-align-right\" data-align=\"right\"><strong>Q &gt; 20 m<sup>3<\/sup>\/s<\/strong> <strong>(h)<\/strong><\/td><td class=\"has-text-align-right\" data-align=\"right\"><strong><strong><strong>\u00c9<\/strong>volution du lit<\/strong><\/strong><\/td><\/tr><tr><td>1<\/td><td class=\"has-text-align-left\" data-align=\"left\">2024.06.20<\/td><td class=\"has-text-align-right\" data-align=\"right\">74<\/td><td class=\"has-text-align-right\" data-align=\"right\">43<\/td><td class=\"has-text-align-right\" data-align=\"right\">&#8211;<\/td><\/tr><tr><td>2<\/td><td class=\"has-text-align-left\" data-align=\"left\">2024.06.28<\/td><td class=\"has-text-align-right\" data-align=\"right\">63<\/td><td class=\"has-text-align-right\" data-align=\"right\">65<\/td><td class=\"has-text-align-right\" data-align=\"right\"><a href=\"https:\/\/navisence.ch\/wp-content\/uploads\/2026\/03\/2024_06_26_vs_2024_06_11_info.jpg\" data-type=\"link\" data-id=\"https:\/\/navisence.ch\/wp-content\/uploads\/2026\/03\/2024_06_26_vs_2024_06_11_info.jpg\" target=\"_blank\" rel=\"noreferrer noopener\">06.26 vs 06.11<\/a><\/td><\/tr><tr><td>3<\/td><td class=\"has-text-align-left\" data-align=\"left\">2024.07.06<\/td><td class=\"has-text-align-right\" data-align=\"right\">21<\/td><td class=\"has-text-align-right\" data-align=\"right\">1<\/td><td class=\"has-text-align-right\" data-align=\"right\"><a href=\"https:\/\/navisence.ch\/wp-content\/uploads\/2026\/03\/2024_07_05_vs_2024_06_26_info.jpg\" data-type=\"link\" data-id=\"https:\/\/navisence.ch\/wp-content\/uploads\/2026\/03\/2024_07_05_vs_2024_06_26_info.jpg\" target=\"_blank\" rel=\"noreferrer noopener\">07.05 vs 06.26<\/a><\/td><\/tr><tr><td>4<\/td><td class=\"has-text-align-left\" data-align=\"left\">2024.07.08<\/td><td class=\"has-text-align-right\" data-align=\"right\">20<\/td><td class=\"has-text-align-right\" data-align=\"right\">2<\/td><td class=\"has-text-align-right\" data-align=\"right\">&#8211;<\/td><\/tr><tr><td>5<\/td><td class=\"has-text-align-left\" data-align=\"left\">2024.07.11<\/td><td class=\"has-text-align-right\" data-align=\"right\">21<\/td><td class=\"has-text-align-right\" data-align=\"right\">3<\/td><td class=\"has-text-align-right\" data-align=\"right\">&#8211;<\/td><\/tr><tr><td>6<\/td><td class=\"has-text-align-left\" data-align=\"left\">2024.07.12<\/td><td class=\"has-text-align-right\" data-align=\"right\">29<\/td><td class=\"has-text-align-right\" data-align=\"right\">20<\/td><td class=\"has-text-align-right\" data-align=\"right\">&#8211;<\/td><\/tr><tr><td>7<\/td><td class=\"has-text-align-left\" data-align=\"left\">2024.07.15<\/td><td class=\"has-text-align-right\" data-align=\"right\">21<\/td><td class=\"has-text-align-right\" data-align=\"right\">1<\/td><td class=\"has-text-align-right\" data-align=\"right\">&#8211;<\/td><\/tr><tr><td>8<\/td><td class=\"has-text-align-left\" data-align=\"left\">2024.07.16<\/td><td class=\"has-text-align-right\" data-align=\"right\">26<\/td><td class=\"has-text-align-right\" data-align=\"right\">8<\/td><td class=\"has-text-align-right\" data-align=\"right\">&#8211;<\/td><\/tr><tr><td>9<\/td><td class=\"has-text-align-left\" data-align=\"left\">2024.07.18<\/td><td class=\"has-text-align-right\" data-align=\"right\">21<\/td><td class=\"has-text-align-right\" data-align=\"right\">1<\/td><td class=\"has-text-align-right\" data-align=\"right\"><a href=\"https:\/\/navisence.ch\/wp-content\/uploads\/2026\/03\/2024_07_19_vs_2024_07_05_info.jpg\" data-type=\"link\" data-id=\"https:\/\/navisence.ch\/wp-content\/uploads\/2026\/03\/2024_07_19_vs_2024_07_05_info.jpg\" target=\"_blank\" rel=\"noreferrer noopener\">07.19 vs 07.05<\/a><\/td><\/tr><tr><td>10<\/td><td class=\"has-text-align-left\" data-align=\"left\">2024.07.28<\/td><td class=\"has-text-align-right\" data-align=\"right\">27<\/td><td class=\"has-text-align-right\" data-align=\"right\">9<\/td><td class=\"has-text-align-right\" data-align=\"right\">&#8211;<\/td><\/tr><tr><td>11<\/td><td class=\"has-text-align-left\" data-align=\"left\">2024.07.29<\/td><td class=\"has-text-align-right\" data-align=\"right\">24<\/td><td class=\"has-text-align-right\" data-align=\"right\">6<\/td><td class=\"has-text-align-right\" data-align=\"right\">&#8211;<\/td><\/tr><tr><td>12<\/td><td class=\"has-text-align-left\" data-align=\"left\">2024.07.30<\/td><td class=\"has-text-align-right\" data-align=\"right\">25<\/td><td class=\"has-text-align-right\" data-align=\"right\">5<\/td><td class=\"has-text-align-right\" data-align=\"right\">&#8211;<\/td><\/tr><tr><td>13<\/td><td class=\"has-text-align-left\" data-align=\"left\">2024.07.31<\/td><td class=\"has-text-align-right\" data-align=\"right\">28<\/td><td class=\"has-text-align-right\" data-align=\"right\">9<\/td><td class=\"has-text-align-right\" data-align=\"right\">&#8211;<\/td><\/tr><tr><td>14<\/td><td class=\"has-text-align-left\" data-align=\"left\">2024.08.01<\/td><td class=\"has-text-align-right\" data-align=\"right\">23<\/td><td class=\"has-text-align-right\" data-align=\"right\">5<\/td><td class=\"has-text-align-right\" data-align=\"right\"><a href=\"https:\/\/navisence.ch\/wp-content\/uploads\/2026\/03\/2024_08_02_vs_2024_07_19_vs__info.jpg\" data-type=\"link\" data-id=\"https:\/\/navisence.ch\/wp-content\/uploads\/2026\/03\/2024_08_02_vs_2024_07_19_vs__info.jpg\" target=\"_blank\" rel=\"noreferrer noopener\">08.02 vs 07.19<\/a><\/td><\/tr><tr><td>15<\/td><td class=\"has-text-align-left\" data-align=\"left\">2024.08.02<\/td><td class=\"has-text-align-right\" data-align=\"right\">22<\/td><td class=\"has-text-align-right\" data-align=\"right\">5<\/td><td class=\"has-text-align-right\" data-align=\"right\">&#8211;<\/td><\/tr><tr><td>16<\/td><td class=\"has-text-align-left\" data-align=\"left\">2024.08.05<\/td><td class=\"has-text-align-right\" data-align=\"right\">21<\/td><td class=\"has-text-align-right\" data-align=\"right\">1<\/td><td class=\"has-text-align-right\" data-align=\"right\">&#8211;<\/td><\/tr><tr><td>17<\/td><td class=\"has-text-align-left\" data-align=\"left\">2024.08.10<\/td><td class=\"has-text-align-right\" data-align=\"right\">20<\/td><td class=\"has-text-align-right\" data-align=\"right\">2<\/td><td class=\"has-text-align-right\" data-align=\"right\">&#8211;<\/td><\/tr><tr><td>18<\/td><td class=\"has-text-align-left\" data-align=\"left\">2024.08.11<\/td><td class=\"has-text-align-right\" data-align=\"right\">24<\/td><td class=\"has-text-align-right\" data-align=\"right\">5<\/td><td class=\"has-text-align-right\" data-align=\"right\">&#8211;<\/td><\/tr><tr><td>19<\/td><td class=\"has-text-align-left\" data-align=\"left\">2024.08.12<\/td><td class=\"has-text-align-right\" data-align=\"right\">27<\/td><td class=\"has-text-align-right\" data-align=\"right\">8<\/td><td class=\"has-text-align-right\" data-align=\"right\"><a href=\"https:\/\/navisence.ch\/wp-content\/uploads\/2026\/03\/2024_08_20_vs_2024_08_02_info.jpg\" data-type=\"link\" data-id=\"https:\/\/navisence.ch\/wp-content\/uploads\/2026\/03\/2024_08_20_vs_2024_08_02_info.jpg\" target=\"_blank\" rel=\"noreferrer noopener\">08.20 vs 08.02<\/a><\/td><\/tr><tr><td>20<\/td><td class=\"has-text-align-left\" data-align=\"left\">2024.09.05<\/td><td class=\"has-text-align-right\" data-align=\"right\">32<\/td><td class=\"has-text-align-right\" data-align=\"right\">8<\/td><td class=\"has-text-align-right\" data-align=\"right\"><a href=\"https:\/\/navisence.ch\/wp-content\/uploads\/2026\/03\/2024_09_17_vs_2024_08_20_info.jpg\" data-type=\"link\" data-id=\"https:\/\/navisence.ch\/wp-content\/uploads\/2026\/03\/2024_09_17_vs_2024_08_20_info.jpg\" target=\"_blank\" rel=\"noreferrer noopener\">09.17 vs 08.20<\/a><\/td><\/tr><\/tbody><\/table><figcaption class=\"wp-element-caption\">Crues saisonni\u00e8res dont le d\u00e9bit a d\u00e9pass\u00e9 20 m<sup>3<\/sup>\/s sur la Navisence (2024), d&rsquo;apr\u00e8s les mesures de la station communale de Zinal.<\/figcaption><\/figure>\n\n\n\n<h4 class=\"wp-block-heading\"><strong>2024 : deux crues morphog\u00e8nes en huit jours !<\/strong><\/h4>\n\n\n\n<p>La Navisence a subi deux crues morphog\u00e8nes de tr\u00e8s forte intensit\u00e9 en l&rsquo;espace de huit jours, les <strong>21 et 29 juin 2024<\/strong> (voir <a href=\"https:\/\/navisence.ch\/index.php\/galerie\/crues-2024\/\">ici<\/a> nos photos). Le d\u00e9bit maximum enregistr\u00e9 \u00e0 Zinal \u00e9tait de <strong>74&nbsp;m<sup>3<\/sup>\/s le 21 juin<\/strong> et de <strong>63&nbsp;m<sup>3<\/sup>\/s le 29 juin<\/strong>. Le d\u00e9bit \u00e9tant redescendu en dessous de 10&nbsp;m<sup>3<\/sup>\/s pendant plusieurs jours, il s&rsquo;agit bien de <strong>deux \u00e9v\u00e9nements distincts<\/strong>.<\/p>\n\n\n\n<p>La vid\u00e9o ci-dessous permet d&rsquo;observer le comportement de la rivi\u00e8re pendant ces \u00e9v\u00e9nements. A partir de 17h50, la Navisence \u00ab\u00a0avale\u00a0\u00bb la rive droite \u00e0 vitesse grand V : sur une distance d&rsquo;environ 100 m\u00e8tres , 2 m\u00e8tres de la rive disparaissent chaque 10 minutes !<\/p>\n\n\n\n<figure class=\"wp-block-embed is-type-video is-provider-youtube wp-block-embed-youtube wp-embed-aspect-16-9 wp-has-aspect-ratio\"><div class=\"wp-block-embed__wrapper\">\n<iframe loading=\"lazy\" title=\"Navisence River during Flood - Zinal, 21 &amp; 29.06.2024\" width=\"525\" height=\"295\" src=\"https:\/\/www.youtube.com\/embed\/3h6-PXBF2h4?feature=oembed\" frameborder=\"0\" allow=\"accelerometer; autoplay; clipboard-write; encrypted-media; gyroscope; picture-in-picture; web-share\" referrerpolicy=\"strict-origin-when-cross-origin\" allowfullscreen><\/iframe>\n<\/div><\/figure>\n\n\n\n<p><em><font size=\"2\">Crues morphog\u00e8nes sur les Plats de la L\u00e9 \u00e0 Zinal, les 21 et 29 juin 2024. La date et l&rsquo;heure des images sont indiqu\u00e9es en bas \u00e0 droite. Les touches , et . permettent d&rsquo;avancer image par image.<\/font><\/em><\/p>\n\n\n\n<figure class=\"wp-block-image size-large is-resized\"><img decoding=\"async\" src=\"https:\/\/navisence.ch\/wp-content\/uploads\/2024\/07\/Capture-decran-2024-07-18-155759_LR-JPG.jpg\" alt=\"\" style=\"width:674px;height:auto\"\/><figcaption class=\"wp-element-caption\">Haut : mise en \u00e9vidence des zones <em>d\u2019\u00e9rosion (rouge) et de d\u00e9position (bleu)<\/em>. La droite repr\u00e9sente la section en travers pr\u00e9sent\u00e9e au-dessous. <br>Bas : <font size=\"2\"><em>section en travers, comparaison entre le 11.06.2024 (rouge) et le 05.07.2024 (bleu).<\/em><\/font> La largeur du lit est pass\u00e9e de 43 \u00e0 61 m \u00e0 cet endroit, et la rive droite a subi une \u00e9rosion de pr\u00e8s de quatre m\u00e8tres !<\/figcaption><\/figure>\n\n\n\n<p>Nos mesures effectu\u00e9es apr\u00e8s ces \u00e9v\u00e9nements mettent en \u00e9vidence une accumulation importante de mat\u00e9riaux, le plus souvent au centre du lit. Les extensions lat\u00e9rales du lit ont provoqu\u00e9 une \u00e9rosion importante des berges, parfois sur plusieurs m\u00e8tres de hauteur, comme en t\u00e9moigne la section en travers ci-dessus.<\/p>\n\n\n\n\t\t\t\n\t<style type=\"text\/css\">\n\t\t.slider-info-270.bafg-slider-info .bafg-slider-title {\n\t\t\t\t\t\t\tfont-size:\n\t\t\t\t\t22px\t\t\t\t;\n\t\t\t\n\t\t\t\n\t\t\t\t\t}\n\n\t\t.slider-info-270.bafg-slider-info .bafg-slider-description {\n\t\t\t\n\t\t\t\n\t\t\t\t\t}\n\t\t\n\t\t\n\t\t.slider-info-270.bafg-slider-info .bafg_slider_readmore_button {\n\t\t\t\n\t\t\t\n\t\t\t\n\t\t\t\n\t\t\t\n\t\t\ttext-align: center;\n\n\t\t\t\n\t\t\t\n\t\t\t\n\t\t\t\n\t\t\t\t\t}\n\n\t\t.slider-info-270.bafg-slider-info .bafg_slider_readmore_button:hover {\n\n\t\t\t\n\t\t\t\n\t\t\t\t\t}\n\t<\/style>\n\t\n\t\t\t<div class=\"bafg-twentytwenty-container slider-270  \"\n\t\t\t\tbafg-orientation=\"vertical\" bafg-default-offset=\"0.5\"\n\t\t\t\tbafg-before-label=\"11.06.2024\"\n\t\t\t\tbafg-after-label=\"26.06.2024\" bafg-overlay=\"1\"\n\t\t\t\tbafg-move-slider-on-hover=\"\"\n\t\t\t\tbafg-click-to-move=\"1\">\n\n\t\t\t\t\t\t\t\t<img class=\"skip-lazy\" data-skip-lazy\t\t\t\t\tsrc=\"https:\/\/navisence.ch\/wp-content\/uploads\/2024\/07\/2024_06_11_image_area19_5cm.jpg\" alt=\"\">\n\t\t\t\t<img class=\"skip-lazy\" data-skip-lazy\t\t\t\t\tsrc=\"https:\/\/navisence.ch\/wp-content\/uploads\/2024\/07\/2024_06_26_image_area19_5cm.jpg\" alt=\"\">\n\n\t\t\t<\/div>\n\n\t\t\t\t<div class=\"bafg-slider-info-wraper\">\n\t\t<div style=\"\" class=\"slider-info-270 bafg-slider-info\">\n\t\t\t\t\t<\/div>\n\t<\/div>\n\t\n\t\t\t<style type=\"text\/css\">\n\t\t\t\t\t\t\t\t\t.slider-270 \t\t\t\t\t.twentytwenty-before-label::before {\n\t\t\t\t\t\tbackground:\n\t\t\t\t\t\t\t#ffffff\t\t\t\t\t\t;\n\t\t\t\t\t\tcolor:\n\t\t\t\t\t\t\t#0a0a0a\t\t\t\t\t\t;\n\t\t\t\t\t}\n\n\t\t\t\t\t\t\t\t\t\t\t\t\t\t.slider-270 \t\t\t\t\t.twentytwenty-after-label::before {\n\t\t\t\t\t\tbackground:\n\t\t\t\t\t\t\t#ffffff\t\t\t\t\t\t;\n\t\t\t\t\t\tcolor:\n\t\t\t\t\t\t\t#0a0a0a\t\t\t\t\t\t;\n\t\t\t\t\t}\n\n\t\t\t\t\t\t\t\t<\/style>\n\t\t\t\n\n\n\n<p><font size=\"2\"><em>Comparaison entre le 11.06.2024 et le 26.06.2024 (cliquez sur l&rsquo;image et d\u00e9placez le curseur). Cliquez <a href=\"https:\/\/cdn.knightlab.com\/libs\/juxtapose\/latest\/embed\/index.html?uid=c21fa3d4-3548-11ef-9396-d93975fe8866\" target=\"_blank\" rel=\"noreferrer noopener\">ici<\/a> pour ouvrir en grand dans une nouvelle fen\u00eatre.<\/em><\/font><\/p>\n\n\n\n<p>Lors de la crue exceptionnelle du <strong>21 juin<\/strong>, la largeur moyenne du lit majeur est pass\u00e9e de <strong>62 \u00e0 72 m\u00e8tres<\/strong>, ce qui repr\u00e9sente une augmentation de <strong>16&nbsp;%<\/strong>. Les orthophotos ci-dessus permettent de comparer l&rsquo;\u00e9tat de la rivi\u00e8re avant\/apr\u00e8s la crue.<\/p>\n\n\n\n<p>Huit jours plus tard, le <strong>29 juin<\/strong>, une nouvelle crue caus\u00e9e par d&rsquo;intenses pr\u00e9cipitations entra\u00eena de nouveau une \u00e9rosion des berges. La largeur moyenne du lit majeur est pass\u00e9e de <strong>72 \u00e0 76 m\u00e8tres<\/strong>, soit une augmentation de <strong>6&nbsp;%<\/strong>.<\/p>\n\n\n\n\t\t\t\n\t<style type=\"text\/css\">\n\t\t.slider-info-498.bafg-slider-info .bafg-slider-title {\n\t\t\t\t\t\t\tfont-size:\n\t\t\t\t\t22px\t\t\t\t;\n\t\t\t\n\t\t\t\n\t\t\t\t\t}\n\n\t\t.slider-info-498.bafg-slider-info .bafg-slider-description {\n\t\t\t\n\t\t\t\n\t\t\t\t\t}\n\t\t\n\t\t\n\t\t.slider-info-498.bafg-slider-info .bafg_slider_readmore_button {\n\t\t\t\n\t\t\t\n\t\t\t\n\t\t\t\n\t\t\t\n\t\t\ttext-align: center;\n\n\t\t\t\n\t\t\t\n\t\t\t\n\t\t\t\n\t\t\t\t\t}\n\n\t\t.slider-info-498.bafg-slider-info .bafg_slider_readmore_button:hover {\n\n\t\t\t\n\t\t\t\n\t\t\t\t\t}\n\t<\/style>\n\t\n\t\t\t<div class=\"bafg-twentytwenty-container slider-498  \"\n\t\t\t\tbafg-orientation=\"vertical\" bafg-default-offset=\"0.5\"\n\t\t\t\tbafg-before-label=\"26.06.2024\"\n\t\t\t\tbafg-after-label=\"05.07.2024\" bafg-overlay=\"1\"\n\t\t\t\tbafg-move-slider-on-hover=\"\"\n\t\t\t\tbafg-click-to-move=\"1\">\n\n\t\t\t\t\t\t\t\t<img class=\"skip-lazy\" data-skip-lazy\t\t\t\t\tsrc=\"https:\/\/navisence.ch\/wp-content\/uploads\/2024\/07\/2024_06_26_image_area19_5cm.jpg\" alt=\"\">\n\t\t\t\t<img class=\"skip-lazy\" data-skip-lazy\t\t\t\t\tsrc=\"https:\/\/navisence.ch\/wp-content\/uploads\/2024\/07\/2024_07_05_image_area19_10cm.jpg\" alt=\"\">\n\n\t\t\t<\/div>\n\n\t\t\t\t<div class=\"bafg-slider-info-wraper\">\n\t\t<div style=\"\" class=\"slider-info-498 bafg-slider-info\">\n\t\t\t\t\t<\/div>\n\t<\/div>\n\t\n\t\t\t<style type=\"text\/css\">\n\t\t\t\t\t\t\t\t\t\t\t<\/style>\n\t\t\t\n\n\n\n<p><font size=\"2\"><em>Comparaison entre le 26.06.2024 et le 05.07.2024 (cliquez sur l&rsquo;image et d\u00e9placez le curseur). Cliquez <a href=\"https:\/\/cdn.knightlab.com\/libs\/juxtapose\/latest\/embed\/index.html?uid=c21fa3d4-3548-11ef-9396-d93975fe8866\" target=\"_blank\" rel=\"noreferrer noopener\">i<\/a><a href=\"https:\/\/cdn.knightlab.com\/libs\/juxtapose\/latest\/embed\/index.html?uid=47757cfe-4514-11ef-9396-d93975fe8866\" target=\"_blank\" rel=\"noreferrer noopener\">ci<\/a> pour ouvrir en grand dans une nouvelle fen\u00eatre.<\/em><\/font><\/p>\n","protected":false},"excerpt":{"rendered":"<p>Le tableau ci-dessous liste les crues qui se sont produites en 2024 dont le d\u00e9bit a d\u00e9pass\u00e9 20 m3\/s. Pour chaque crue, le d\u00e9bit maximum et la dur\u00e9e pendant laquelle le d\u00e9bit a d\u00e9pass\u00e9 20 m3\/s sont mentionn\u00e9s. La derni\u00e8re colonne pr\u00e9sente les changements g\u00e9omorphologiques observ\u00e9s entre certaines dates sous la forme \u00ab\u00a0mois.jour vs mois.jour\u00a0\u00bb. &hellip; <\/p>\n<p class=\"link-more\"><a href=\"https:\/\/navisence.ch\/index.php\/2024-2\/\" class=\"more-link\">Continuer la lecture<span class=\"screen-reader-text\"> de &laquo;&nbsp;2024&nbsp;&raquo;<\/span><\/a><\/p>\n","protected":false},"author":1,"featured_media":0,"parent":0,"menu_order":0,"comment_status":"closed","ping_status":"closed","template":"","meta":{"_vp_format_video_url":"","_vp_image_focal_point":[],"footnotes":""},"class_list":["post-887","page","type-page","status-publish","hentry"],"_links":{"self":[{"href":"https:\/\/navisence.ch\/index.php\/wp-json\/wp\/v2\/pages\/887","targetHints":{"allow":["GET"]}}],"collection":[{"href":"https:\/\/navisence.ch\/index.php\/wp-json\/wp\/v2\/pages"}],"about":[{"href":"https:\/\/navisence.ch\/index.php\/wp-json\/wp\/v2\/types\/page"}],"author":[{"embeddable":true,"href":"https:\/\/navisence.ch\/index.php\/wp-json\/wp\/v2\/users\/1"}],"replies":[{"embeddable":true,"href":"https:\/\/navisence.ch\/index.php\/wp-json\/wp\/v2\/comments?post=887"}],"version-history":[{"count":13,"href":"https:\/\/navisence.ch\/index.php\/wp-json\/wp\/v2\/pages\/887\/revisions"}],"predecessor-version":[{"id":990,"href":"https:\/\/navisence.ch\/index.php\/wp-json\/wp\/v2\/pages\/887\/revisions\/990"}],"wp:attachment":[{"href":"https:\/\/navisence.ch\/index.php\/wp-json\/wp\/v2\/media?parent=887"}],"curies":[{"name":"wp","href":"https:\/\/api.w.org\/{rel}","templated":true}]}}