{"id":20,"date":"2024-07-01T10:50:36","date_gmt":"2024-07-01T10:50:36","guid":{"rendered":"https:\/\/navisence.ch\/?page_id=20"},"modified":"2025-03-26T12:35:32","modified_gmt":"2025-03-26T12:35:32","slug":"ecoulements","status":"publish","type":"page","link":"https:\/\/navisence.ch\/index.php\/ecoulements\/","title":{"rendered":"Ecoulements"},"content":{"rendered":"\n<p>Le diaporama ci-dessous illustre les chemins emprunt\u00e9s par l&rsquo;eau au terme de chaque saison. Ces relev\u00e9s topographiques sont effectu\u00e9s \u00e0 l&rsquo;\u00e9tiage (p\u00e9riode o\u00f9 le d\u00e9bit d&rsquo;eau est minimum), juste avant l&rsquo;arriv\u00e9e de la neige. A cette \u00e9poque, le niveau d&rsquo;eau dans la Navisence est de l&rsquo;ordre de <strong>20 centim\u00e8tres<\/strong>, alors qu&rsquo;il peut d\u00e9passer <strong>1 m\u00e8tre<\/strong> lors des <a href=\"https:\/\/navisence.ch\/index.php\/crues\/\">crues morphog\u00e8nes<\/a>.<\/p>\n\n\n\n<p>La superposition des \u00e9coulements d&rsquo;\u00e9tiage permet de mettre en \u00e9vidence les changements g\u00e9omorphologiques locaux qui se produisent chaque ann\u00e9e le long des Plats de la L\u00e9, au gr\u00e9 des crues saisonni\u00e8res.<\/p>\n\n\n\n\n","protected":false},"excerpt":{"rendered":"<p>Le diaporama ci-dessous illustre les chemins emprunt\u00e9s par l&rsquo;eau au terme de chaque saison. Ces relev\u00e9s topographiques sont effectu\u00e9s \u00e0 l&rsquo;\u00e9tiage (p\u00e9riode o\u00f9 le d\u00e9bit d&rsquo;eau est minimum), juste avant l&rsquo;arriv\u00e9e de la neige. A cette \u00e9poque, le niveau d&rsquo;eau dans la Navisence est de l&rsquo;ordre de 20 centim\u00e8tres, alors qu&rsquo;il peut d\u00e9passer 1 m\u00e8tre &hellip; <\/p>\n<p class=\"link-more\"><a href=\"https:\/\/navisence.ch\/index.php\/ecoulements\/\" class=\"more-link\">Continuer la lecture<span class=\"screen-reader-text\"> de &laquo;&nbsp;Ecoulements&nbsp;&raquo;<\/span><\/a><\/p>\n","protected":false},"author":1,"featured_media":0,"parent":0,"menu_order":0,"comment_status":"closed","ping_status":"closed","template":"","meta":{"_vp_format_video_url":"","_vp_image_focal_point":[],"footnotes":""},"class_list":["post-20","page","type-page","status-publish","hentry"],"_links":{"self":[{"href":"https:\/\/navisence.ch\/index.php\/wp-json\/wp\/v2\/pages\/20","targetHints":{"allow":["GET"]}}],"collection":[{"href":"https:\/\/navisence.ch\/index.php\/wp-json\/wp\/v2\/pages"}],"about":[{"href":"https:\/\/navisence.ch\/index.php\/wp-json\/wp\/v2\/types\/page"}],"author":[{"embeddable":true,"href":"https:\/\/navisence.ch\/index.php\/wp-json\/wp\/v2\/users\/1"}],"replies":[{"embeddable":true,"href":"https:\/\/navisence.ch\/index.php\/wp-json\/wp\/v2\/comments?post=20"}],"version-history":[{"count":38,"href":"https:\/\/navisence.ch\/index.php\/wp-json\/wp\/v2\/pages\/20\/revisions"}],"predecessor-version":[{"id":859,"href":"https:\/\/navisence.ch\/index.php\/wp-json\/wp\/v2\/pages\/20\/revisions\/859"}],"wp:attachment":[{"href":"https:\/\/navisence.ch\/index.php\/wp-json\/wp\/v2\/media?parent=20"}],"curies":[{"name":"wp","href":"https:\/\/api.w.org\/{rel}","templated":true}]}}